{"id":2311,"date":"2024-07-16T16:14:45","date_gmt":"2024-07-16T14:14:45","guid":{"rendered":"https:\/\/tsvbuddyforever.ch\/tsv\/?page_id=2311"},"modified":"2026-03-20T13:58:57","modified_gmt":"2026-03-20T12:58:57","slug":"unser-partner-verein","status":"publish","type":"page","link":"https:\/\/tsvbuddyforever.ch\/?page_id=2311","title":{"rendered":"Unser Partner Verein"},"content":{"rendered":"<div class=\"wp-block-image\">\n<figure class=\"aligncenter size-large is-resized\"><img loading=\"lazy\" decoding=\"async\" width=\"857\" height=\"1024\" src=\"https:\/\/tsvbuddyforever.ch\/wp-content\/uploads\/2024\/07\/WhatsApp-Bild-2024-07-16-um-20.00.51_09765899-1-857x1024.jpg\" alt=\"dogg\n\" class=\"wp-image-2328\" style=\"width:279px;height:auto\" srcset=\"https:\/\/tsvbuddyforever.ch\/wp-content\/uploads\/2024\/07\/WhatsApp-Bild-2024-07-16-um-20.00.51_09765899-1-857x1024.jpg 857w, https:\/\/tsvbuddyforever.ch\/wp-content\/uploads\/2024\/07\/WhatsApp-Bild-2024-07-16-um-20.00.51_09765899-1-251x300.jpg 251w, https:\/\/tsvbuddyforever.ch\/wp-content\/uploads\/2024\/07\/WhatsApp-Bild-2024-07-16-um-20.00.51_09765899-1-768x918.jpg 768w, https:\/\/tsvbuddyforever.ch\/wp-content\/uploads\/2024\/07\/WhatsApp-Bild-2024-07-16-um-20.00.51_09765899-1.jpg 977w\" sizes=\"auto, (max-width: 857px) 100vw, 857px\" \/><\/figure>\n<\/div>\n\n\n<p class=\"has-text-align-center\"><a href=\"https:\/\/www.facebook.com\/groups\/7623609171002058\/\" type=\"link\" id=\"https:\/\/www.facebook.com\/groups\/7623609171002058\/\">Facebook <\/a><\/p>\n\n\n\n<p class=\"has-text-align-center\">Wir von <strong>Doggy-Dog mit Herz \u2665\ufe0f<\/strong> m\u00f6chten uns gerne vorstellen.<\/p>\n\n\n\n<p class=\"has-text-align-center\">Wir sind ein ehrenamtlicher Verein.<\/p>\n\n\n\n<p class=\"has-text-align-center\">Seid vielen Jahren haben wir ein Tierheim in Rum\u00e4nien und arbeiten mit <strong>TSV Buddy forever<\/strong> zusammen. Unser gemeinsames Ziel ist es die streunenden Hunde aus der T\u00f6tungsstation rauszuholen, sie im Tierheim aufzunehmen zu kastrieren ,\u00e4rztlich zu versorgen und bestenfalls ihnen sp\u00e4ter ein Zuhause zu schenken.<\/p>\n\n\n\n<p class=\"has-text-align-center\">Ebenfalls versuchen wir vor Ort die Menschen aufzukl\u00e4ren und zum Thema Kastration zu sensibilisieren. Was uns, viel an \u00dcberzeugung kostet und nicht immer mit einem Erfolg endet. Oft haben die Leute kein Geld um eine Kastration aus eigener Tasche zu bezahlen. Dann \u00fcbernehmen wir die Kosten und hoffen, dass sich unsere Bem\u00fchungen lohnen und irgendwann ausbezahlen.<\/p>\n\n\n\n<p class=\"has-text-align-center\">Dazu sind wir auf finanzielle Hilfe angewiesen. Sei es durch Patenschaften, Spenden f\u00fcr die Kastration, Futter, Zwinger bauen usw.<\/p>\n\n\n\n<p class=\"has-text-align-center\">Unsere Fellnasen\ud83d\udc15 und wir vom Team Doggy-Dog mit Herz \u2665\ufe0f bedanken uns von ganzem Herzen f\u00fcr eure Unterst\u00fctzung \u2665\ufe0f\ud83d\ude4f<\/p>\n\n\n\n<p><\/p>\n","protected":false},"excerpt":{"rendered":"<p>Facebook Wir von Doggy-Dog mit Herz \u2665\ufe0f m\u00f6chten uns gerne vorstellen. Wir sind ein ehrenamtlicher Verein. Seid vielen Jahren haben wir ein Tierheim in Rum\u00e4nien<\/p>\n","protected":false},"author":1,"featured_media":0,"parent":16,"menu_order":7,"comment_status":"closed","ping_status":"closed","template":"","meta":{"footnotes":""},"class_list":["post-2311","page","type-page","status-publish","hentry"],"yoast_head":"<!-- This site is optimized with the Yoast SEO plugin v27.4 - https:\/\/yoast.com\/product\/yoast-seo-wordpress\/ -->\n<title>Unser Partner Verein - TSV Buddy forever<\/title>\n<meta name=\"robots\" content=\"index, follow, max-snippet:-1, max-image-preview:large, max-video-preview:-1\" \/>\n<link rel=\"canonical\" href=\"https:\/\/tsvbuddyforever.ch\/?page_id=2311\" \/>\n<meta property=\"og:locale\" content=\"de_DE\" \/>\n<meta property=\"og:type\" content=\"article\" \/>\n<meta property=\"og:title\" content=\"Unser Partner Verein - TSV Buddy forever\" \/>\n<meta property=\"og:description\" content=\"Facebook Wir von Doggy-Dog mit Herz \u2665\ufe0f m\u00f6chten uns gerne vorstellen. Wir sind ein ehrenamtlicher Verein. Seid vielen Jahren haben wir ein Tierheim in Rum\u00e4nien\" \/>\n<meta property=\"og:url\" content=\"https:\/\/tsvbuddyforever.ch\/?page_id=2311\" \/>\n<meta property=\"og:site_name\" content=\"TSV Buddy forever\" \/>\n<meta property=\"article:modified_time\" content=\"2026-03-20T12:58:57+00:00\" \/>\n<meta property=\"og:image\" content=\"https:\/\/tsvbuddyforever.ch\/wp-content\/uploads\/2024\/07\/WhatsApp-Bild-2024-07-16-um-20.00.51_09765899-1.jpg\" \/>\n\t<meta property=\"og:image:width\" content=\"977\" \/>\n\t<meta property=\"og:image:height\" content=\"1168\" \/>\n\t<meta property=\"og:image:type\" content=\"image\/jpeg\" \/>\n<meta name=\"twitter:card\" content=\"summary_large_image\" \/>\n<meta name=\"twitter:label1\" content=\"Gesch\u00e4tzte Lesezeit\" \/>\n\t<meta name=\"twitter:data1\" content=\"2\u00a0Minuten\" \/>\n<script type=\"application\/ld+json\" class=\"yoast-schema-graph\">{\"@context\":\"https:\\\/\\\/schema.org\",\"@graph\":[{\"@type\":\"WebPage\",\"@id\":\"https:\\\/\\\/tsvbuddyforever.ch\\\/?page_id=2311\",\"url\":\"https:\\\/\\\/tsvbuddyforever.ch\\\/?page_id=2311\",\"name\":\"Unser Partner Verein - TSV Buddy forever\",\"isPartOf\":{\"@id\":\"https:\\\/\\\/tsvbuddyforever.ch\\\/#website\"},\"primaryImageOfPage\":{\"@id\":\"https:\\\/\\\/tsvbuddyforever.ch\\\/?page_id=2311#primaryimage\"},\"image\":{\"@id\":\"https:\\\/\\\/tsvbuddyforever.ch\\\/?page_id=2311#primaryimage\"},\"thumbnailUrl\":\"https:\\\/\\\/tsvbuddyforever.ch\\\/wp-content\\\/uploads\\\/2024\\\/07\\\/WhatsApp-Bild-2024-07-16-um-20.00.51_09765899-1-857x1024.jpg\",\"datePublished\":\"2024-07-16T14:14:45+00:00\",\"dateModified\":\"2026-03-20T12:58:57+00:00\",\"breadcrumb\":{\"@id\":\"https:\\\/\\\/tsvbuddyforever.ch\\\/?page_id=2311#breadcrumb\"},\"inLanguage\":\"de\",\"potentialAction\":[{\"@type\":\"ReadAction\",\"target\":[\"https:\\\/\\\/tsvbuddyforever.ch\\\/?page_id=2311\"]}]},{\"@type\":\"ImageObject\",\"inLanguage\":\"de\",\"@id\":\"https:\\\/\\\/tsvbuddyforever.ch\\\/?page_id=2311#primaryimage\",\"url\":\"https:\\\/\\\/tsvbuddyforever.ch\\\/wp-content\\\/uploads\\\/2024\\\/07\\\/WhatsApp-Bild-2024-07-16-um-20.00.51_09765899-1.jpg\",\"contentUrl\":\"https:\\\/\\\/tsvbuddyforever.ch\\\/wp-content\\\/uploads\\\/2024\\\/07\\\/WhatsApp-Bild-2024-07-16-um-20.00.51_09765899-1.jpg\",\"width\":977,\"height\":1168,\"caption\":\"dogg\"},{\"@type\":\"BreadcrumbList\",\"@id\":\"https:\\\/\\\/tsvbuddyforever.ch\\\/?page_id=2311#breadcrumb\",\"itemListElement\":[{\"@type\":\"ListItem\",\"position\":1,\"name\":\"Startseite\",\"item\":\"https:\\\/\\\/tsvbuddyforever.ch\\\/\"},{\"@type\":\"ListItem\",\"position\":2,\"name\":\"Team\",\"item\":\"https:\\\/\\\/tsvbuddyforever.ch\\\/?page_id=16\"},{\"@type\":\"ListItem\",\"position\":3,\"name\":\"Unser Partner Verein\"}]},{\"@type\":\"WebSite\",\"@id\":\"https:\\\/\\\/tsvbuddyforever.ch\\\/#website\",\"url\":\"https:\\\/\\\/tsvbuddyforever.ch\\\/\",\"name\":\"tsvbuddyforever.ch\",\"description\":\"Tierschutz f\u00fcr Hunde\",\"publisher\":{\"@id\":\"https:\\\/\\\/tsvbuddyforever.ch\\\/#organization\"},\"potentialAction\":[{\"@type\":\"SearchAction\",\"target\":{\"@type\":\"EntryPoint\",\"urlTemplate\":\"https:\\\/\\\/tsvbuddyforever.ch\\\/?s={search_term_string}\"},\"query-input\":{\"@type\":\"PropertyValueSpecification\",\"valueRequired\":true,\"valueName\":\"search_term_string\"}}],\"inLanguage\":\"de\"},{\"@type\":\"Organization\",\"@id\":\"https:\\\/\\\/tsvbuddyforever.ch\\\/#organization\",\"name\":\"tsvbuddyforever.ch\",\"url\":\"https:\\\/\\\/tsvbuddyforever.ch\\\/\",\"logo\":{\"@type\":\"ImageObject\",\"inLanguage\":\"de\",\"@id\":\"https:\\\/\\\/tsvbuddyforever.ch\\\/#\\\/schema\\\/logo\\\/image\\\/\",\"url\":\"https:\\\/\\\/tsvbuddyforever.ch\\\/wp-content\\\/uploads\\\/2024\\\/06\\\/cropped-signal-2024-05-23-042240_v1.jpg\",\"contentUrl\":\"https:\\\/\\\/tsvbuddyforever.ch\\\/wp-content\\\/uploads\\\/2024\\\/06\\\/cropped-signal-2024-05-23-042240_v1.jpg\",\"width\":1997,\"height\":625,\"caption\":\"tsvbuddyforever.ch\"},\"image\":{\"@id\":\"https:\\\/\\\/tsvbuddyforever.ch\\\/#\\\/schema\\\/logo\\\/image\\\/\"}}]}<\/script>\n<!-- \/ Yoast SEO plugin. -->","yoast_head_json":{"title":"Unser Partner Verein - TSV Buddy forever","robots":{"index":"index","follow":"follow","max-snippet":"max-snippet:-1","max-image-preview":"max-image-preview:large","max-video-preview":"max-video-preview:-1"},"canonical":"https:\/\/tsvbuddyforever.ch\/?page_id=2311","og_locale":"de_DE","og_type":"article","og_title":"Unser Partner Verein - TSV Buddy forever","og_description":"Facebook Wir von Doggy-Dog mit Herz \u2665\ufe0f m\u00f6chten uns gerne vorstellen. Wir sind ein ehrenamtlicher Verein. Seid vielen Jahren haben wir ein Tierheim in Rum\u00e4nien","og_url":"https:\/\/tsvbuddyforever.ch\/?page_id=2311","og_site_name":"TSV Buddy forever","article_modified_time":"2026-03-20T12:58:57+00:00","og_image":[{"width":977,"height":1168,"url":"https:\/\/tsvbuddyforever.ch\/wp-content\/uploads\/2024\/07\/WhatsApp-Bild-2024-07-16-um-20.00.51_09765899-1.jpg","type":"image\/jpeg"}],"twitter_card":"summary_large_image","twitter_misc":{"Gesch\u00e4tzte Lesezeit":"2\u00a0Minuten"},"schema":{"@context":"https:\/\/schema.org","@graph":[{"@type":"WebPage","@id":"https:\/\/tsvbuddyforever.ch\/?page_id=2311","url":"https:\/\/tsvbuddyforever.ch\/?page_id=2311","name":"Unser Partner Verein - TSV Buddy forever","isPartOf":{"@id":"https:\/\/tsvbuddyforever.ch\/#website"},"primaryImageOfPage":{"@id":"https:\/\/tsvbuddyforever.ch\/?page_id=2311#primaryimage"},"image":{"@id":"https:\/\/tsvbuddyforever.ch\/?page_id=2311#primaryimage"},"thumbnailUrl":"https:\/\/tsvbuddyforever.ch\/wp-content\/uploads\/2024\/07\/WhatsApp-Bild-2024-07-16-um-20.00.51_09765899-1-857x1024.jpg","datePublished":"2024-07-16T14:14:45+00:00","dateModified":"2026-03-20T12:58:57+00:00","breadcrumb":{"@id":"https:\/\/tsvbuddyforever.ch\/?page_id=2311#breadcrumb"},"inLanguage":"de","potentialAction":[{"@type":"ReadAction","target":["https:\/\/tsvbuddyforever.ch\/?page_id=2311"]}]},{"@type":"ImageObject","inLanguage":"de","@id":"https:\/\/tsvbuddyforever.ch\/?page_id=2311#primaryimage","url":"https:\/\/tsvbuddyforever.ch\/wp-content\/uploads\/2024\/07\/WhatsApp-Bild-2024-07-16-um-20.00.51_09765899-1.jpg","contentUrl":"https:\/\/tsvbuddyforever.ch\/wp-content\/uploads\/2024\/07\/WhatsApp-Bild-2024-07-16-um-20.00.51_09765899-1.jpg","width":977,"height":1168,"caption":"dogg"},{"@type":"BreadcrumbList","@id":"https:\/\/tsvbuddyforever.ch\/?page_id=2311#breadcrumb","itemListElement":[{"@type":"ListItem","position":1,"name":"Startseite","item":"https:\/\/tsvbuddyforever.ch\/"},{"@type":"ListItem","position":2,"name":"Team","item":"https:\/\/tsvbuddyforever.ch\/?page_id=16"},{"@type":"ListItem","position":3,"name":"Unser Partner Verein"}]},{"@type":"WebSite","@id":"https:\/\/tsvbuddyforever.ch\/#website","url":"https:\/\/tsvbuddyforever.ch\/","name":"tsvbuddyforever.ch","description":"Tierschutz f\u00fcr Hunde","publisher":{"@id":"https:\/\/tsvbuddyforever.ch\/#organization"},"potentialAction":[{"@type":"SearchAction","target":{"@type":"EntryPoint","urlTemplate":"https:\/\/tsvbuddyforever.ch\/?s={search_term_string}"},"query-input":{"@type":"PropertyValueSpecification","valueRequired":true,"valueName":"search_term_string"}}],"inLanguage":"de"},{"@type":"Organization","@id":"https:\/\/tsvbuddyforever.ch\/#organization","name":"tsvbuddyforever.ch","url":"https:\/\/tsvbuddyforever.ch\/","logo":{"@type":"ImageObject","inLanguage":"de","@id":"https:\/\/tsvbuddyforever.ch\/#\/schema\/logo\/image\/","url":"https:\/\/tsvbuddyforever.ch\/wp-content\/uploads\/2024\/06\/cropped-signal-2024-05-23-042240_v1.jpg","contentUrl":"https:\/\/tsvbuddyforever.ch\/wp-content\/uploads\/2024\/06\/cropped-signal-2024-05-23-042240_v1.jpg","width":1997,"height":625,"caption":"tsvbuddyforever.ch"},"image":{"@id":"https:\/\/tsvbuddyforever.ch\/#\/schema\/logo\/image\/"}}]}},"_links":{"self":[{"href":"https:\/\/tsvbuddyforever.ch\/index.php?rest_route=\/wp\/v2\/pages\/2311","targetHints":{"allow":["GET"]}}],"collection":[{"href":"https:\/\/tsvbuddyforever.ch\/index.php?rest_route=\/wp\/v2\/pages"}],"about":[{"href":"https:\/\/tsvbuddyforever.ch\/index.php?rest_route=\/wp\/v2\/types\/page"}],"author":[{"embeddable":true,"href":"https:\/\/tsvbuddyforever.ch\/index.php?rest_route=\/wp\/v2\/users\/1"}],"replies":[{"embeddable":true,"href":"https:\/\/tsvbuddyforever.ch\/index.php?rest_route=%2Fwp%2Fv2%2Fcomments&post=2311"}],"version-history":[{"count":9,"href":"https:\/\/tsvbuddyforever.ch\/index.php?rest_route=\/wp\/v2\/pages\/2311\/revisions"}],"predecessor-version":[{"id":4749,"href":"https:\/\/tsvbuddyforever.ch\/index.php?rest_route=\/wp\/v2\/pages\/2311\/revisions\/4749"}],"up":[{"embeddable":true,"href":"https:\/\/tsvbuddyforever.ch\/index.php?rest_route=\/wp\/v2\/pages\/16"}],"wp:attachment":[{"href":"https:\/\/tsvbuddyforever.ch\/index.php?rest_route=%2Fwp%2Fv2%2Fmedia&parent=2311"}],"curies":[{"name":"wp","href":"https:\/\/api.w.org\/{rel}","templated":true}]}}